14 - -17. Let a be 247 + -2 + (-3)/f. What is the tens digit of 2/(-11) - a/(-11)?
2
Let m = -2250 + 4437. What is the units digit of m?
7
Let z be 2 - 1 - (-2 - 0). Suppose n = -z*p + 4, -4*n - 4*p = -6 - 10. Suppose 0 = j - n*j + 18. What is the units digit of j?
6
Let p = -33 + 22. Let l = 37 + p. What is the tens digit of l?
2
Let t = 632 - 364. What is the tens digit of t?
6
Suppose -w + 2*o = 4*o - 14, 0 = 5*w - 2*o - 94. Suppose 2*x = 5*n - 5 - 11, -2*n = 5*x - w. What is the units digit of 4*n/64*4?
1
Suppose 0*h - 4*u = -h + 1208, -2*h - 2*u = -2416. What is the thousands digit of h?
1
Let p = -66 - -58. What is the units digit of -922*p/144 - 4/18?
1
Let n(y) = -3*y**3 - 2*y**2 - 8*y - 17. Let o be n(-2). Suppose -1428 = -21*c + o*c. What is the units digit of c?
8
Suppose 3*i - 8 = -2. What is the units digit of 14 + -14 + -1 + i?
1
Let r be (0 + 0 - 3)*-1. Suppose r*z + 5*k = 53, -46 = -3*z + k + k. Suppose 0 = -h - 0*m - m + z, -m = -4*h + 69. What is the units digit of h?
7
Let a = 45 - 42. Let d(t) = 4*t - 1. Let n be d(-1). Let l = a - n. What is the units digit of l?
8
Let d = -1623 - -2280. What is the units digit of d?
7
What is the hundreds digit of (-23 + 15)/((-1)/29)?
2
Let k(i) = -38*i - 3. Let l be (-9 + (7 - 1))*8/6. What is the units digit of k(l)?
9
Suppose 4*y + 27623 = 27*y. What is the thousands digit of y?
1
Suppose 3*p - 4*l - 2772 = -p, 5*p - 3477 = 2*l. What is the hundreds digit of p?
6
Let a be 11/1 + 0/4. Let f = a - 16. Let x = 53 + f. What is the tens digit of x?
4
Let n(w) = 3*w - 13. Suppose 4*k = -43 - 1. Let m be n(k). Let z = m - -65. What is the tens digit of z?
1
Suppose -77 = -3*s + s - c, -s - 5*c = -34. Let z = 45 - s. What is the units digit of z?
6
Let w(f) = f**3 - 23*f**2 + 25*f - 30. Let r be w(22). Suppose 0 = m + 5*g - r, -3*g - g = 4*m - 112. What is the tens digit of m?
2
Suppose -3*k = -2*o + k + 270, 4*o - 579 = -5*k. What is the tens digit of o/(-6)*(1 - 3)?
4
Let n(m) = -m - 1. Let v be n(-5). Let q(y) = -9 - 1 - y**3 + 0*y**2 + 3 + 7*y + 3*y**2. What is the units digit of q(v)?
5
Let c(p) = -11*p**2 - p + 3. Let z be c(3). Let h be z/(-4) + (-4)/(-16). Suppose u = -5, -4*j + u = -3*j - h. What is the tens digit of j?
2
Let w = -2298 + 4970. What is the thousands digit of w?
2
Suppose -t - j = -61, 0 = -5*t + 2*t - 2*j + 182. Suppose 0 = -q + k + t, -5*q + k + 246 = -q. What is the tens digit of q?
6
Let b = 221 - 90. What is the tens digit of b?
3
Suppose x + 5 = 0, 0*d - x = -d + 7. Suppose 6*k + d*k = 40. What is the units digit of 1116/15 - 2/k?
4
Let z(x) be the second derivative of x**4/6 - x**3/2 + 5*x**2/2 + 21*x. Suppose 0 = 5*o - 2*o + a - 14, 0 = 4*o - 3*a - 10. What is the units digit of z(o)?
5
Suppose -5*u + 24 = -u. Suppose u*q - 17 - 55 = 0. Suppose 0 = -4*h + q, a - h - 3*h - 39 = 0. What is the units digit of a?
1
Let d(n) = -n + 15. Let q be d(14). What is the units digit of -12*q*(-5)/2?
0
Let u = 2 + 13. Let l = u + -13. What is the units digit of l?
2
Let j(h) = 26*h**2 - 17*h + 85. What is the units digit of j(9)?
8
Let b = -28 - -31. Suppose 0 = 2*h + 6, -b*f + 3 = 4*h. Suppose -44 + 9 = -f*n. What is the units digit of n?
7
Let a = 55 + -52. Let i(l) = 18*l + 11. What is the tens digit of i(a)?
6
Let l = -11 + 20. Suppose -l*h = -10*h + 8. What is the units digit of h?
8
Let v be 1116/8 - -5 - 6/(-4). Let j = v + 29. What is the tens digit of j?
7
Let p be (-168)/60*(-1 - -6)*-4. Let l = 202 + p. What is the tens digit of l?
5
Suppose -5*z + 15 = -2*z. Suppose -44 = -z*a + 9*a. Let s = a - -18. What is the units digit of s?
7
Let d = 0 + -1. Let r be -6 + 1 + d/(-1). What is the units digit of 6/r - 7/(-2)?
2
Suppose 0 = 3*u + 5*x - 1302 - 2061, 5*x = -5*u + 5595. What is the tens digit of u?
1
Let p be 6/(-4)*(-6 - -2). Let b = -30 - -26. What is the tens digit of b/p*(-360)/16?
1
What is the tens digit of (-330 - -324) + 181/(-2)*-56?
6
What is the units digit of 15/(-2 - 3) + 428?
5
Suppose -624 = 4*v - 2124. What is the units digit of v?
5
Let l(p) be the first derivative of p**3 + 4*p**2 + 29*p - 30. What is the units digit of l(-9)?
0
Let r = -87 + 89. Suppose -128 = -s + 3*g + r*g, 3*g = -3*s + 402. What is the units digit of s?
3
Let w(t) = t**2 - 1. Let s be w(1). Suppose -2*d + x = s, -2*d + 3 - 7 = -2*x. Suppose d*v = 7*v - 125. What is the tens digit of v?
2
Let o be ((-1)/(-2))/((-2)/(-24)). Let g(z) = -25*z + 2 + o*z + 3*z - 3. What is the units digit of g(-3)?
7
Let y(f) = -5*f**3 - 14*f**2 + 13*f - 3. What is the units digit of y(-7)?
5
Let k be 1 - (-3 - -6) - -5. Suppose -k*n + 327 = 96. What is the tens digit of n?
7
Let y(s) = -s**2 - 5*s - 1. Let n(d) = 3*d**2 + 16*d + 4. Let r(o) = 4*n(o) + 11*y(o). Let i be r(-11). Suppose 4*l = i + 13. What is the units digit of l?
0
Suppose 0*q + q - 3 = 0. Suppose 0 = q*d + 2*d + 50. Let y(k) = -k - 3. What is the units digit of y(d)?
7
Suppose 4*q = -868 - 620. Let m = -105 - q. What is the units digit of m?
7
Suppose -23*s + 22*s + 4305 = 0. What is the tens digit of s?
0
Suppose 2 = b + 2*j + j, -b + 8 = -3*j. Suppose 10 = -b*c, -c + 360 = 5*f + 107. What is the units digit of f?
1
Suppose -5*a = -10 - 10. Let t be (((-702)/9)/(-6))/((-2)/(-8)). Suppose 0 = 2*s - a*s + t. What is the units digit of s?
6
Suppose 0*i = -k - 4*i + 41, -64 = -2*k - 2*i. Let p = 30 - k. Suppose -2*y + 4*g + 51 = 3*g, -g + p = 0. What is the tens digit of y?
2
Let n(s) = -s**3 - 15*s**2 + 18*s + 2. What is the tens digit of n(-17)?
7
Let h(q) = q**3 + 8*q**2 - 2. Let i = 19 + -27. Let n be h(i). What is the units digit of ((-44)/(-6))/(n/(-15))?
5
Let x(q) = 3*q**2 + 21*q + 47. What is the units digit of x(-25)?
7
Suppose -2*l + 1446 = 19*f - 16*f, -2900 = -4*l - 4*f. What is the hundreds digit of l?
7
Let f(p) be the third derivative of -37*p**4/24 + 7*p**3/6 + 6*p**2. What is the tens digit of f(-2)?
8
What is the tens digit of (-50718)/(-42) + 15/35?
0
Suppose 0 = -5*z + 3*u + 1685, 2*u = 7*u - 25. What is the hundreds digit of z?
3
Let m = 183 + 69. What is the hundreds digit of m?
2
What is the units digit of (-51)/(-34)*(20965/15 + 3)?
1
Let h = -53 + 29. What is the tens digit of (h/3)/(3/(-18))?
4
Let b = -996 - -1508. What is the tens digit of b?
1
Let d(a) = -8*a**2 + 1. Let c be d(-1). Let s(q) = -14*q - 13. What is the tens digit of s(c)?
8
Let m(y) = -5*y**3 + 2*y**2 - 1. Let v be m(1). Let a be (-1)/(v/3 - -1). Suppose k - 62 = -a*g, 3*k + 5 - 1 = g. What is the units digit of g?
9
What is the hundreds digit of 88016/20 + 8*(-2)/20?
4
Suppose 36930 = -977*y + 987*y. What is the thousands digit of y?
3
Let r = 18 + -5. Suppose r = 5*y - 2, -5*y = -3*m - 3. Suppose 0 = -4*q - m*p + 99 + 21, -2*q + 2*p + 72 = 0. What is the units digit of q?
3
Suppose -3*h - 184 = -4*u, 3*h - 5*u + 34 = -151. What is the tens digit of (-992)/(-15) + 8/h?
6
Let f(n) = 2*n + 2. Suppose 7*r = 36 + 20. Let z be f(r). Let v = 37 - z. What is the units digit of v?
9
Suppose -11*x = -606 - 3783. What is the units digit of x?
9
What is the hundreds digit of -3*49/21 + 743?
7
Let u be -1 + -35 + 3/(-1). Let l be (-2)/(-4) + u/26. What is the tens digit of 29 - (0/l)/(-3)?
2
Suppose -2*c = 3*q + 2*c + 6, c + 3 = -q. What is the tens digit of 18/(-8)*56/q?
2
What is the hundreds digit of 1562/3 - ((-66)/9 + 8)?
5
Suppose 12*u - 5362 = 5*u. What is the hundreds digit of u?
7
Let b be (0/(-5) - 0)/1. What is the hundreds digit of ((-927)/27)/(3/(-9) - b)?
1
Suppose 0 = -55*m + 54*m + 4. Suppose 4*v + 0*q = q + 526, 0 = -m*q + 8. What is the hundreds digit of v?
1
Let q(o) be the third derivative of -o**5/60 - 5*o**4/4 + 3*o**3 - 3*o**2. What is the units digit of q(-22)?
4
Let a(x) = x**3 + 29*x**2 + 45*x + 148. What is the units digit of a(-24)?
8
Suppose 5*c + 15*k + 20 = 10*k, -3*k - 4 = c. Let d(h) = -4*h - 1 + 6 + 0. What is the tens digit of d(c)?
2
Let l = -30 - -33. Suppose -a + l*a = 116. What is the tens digit of a?
5
Suppose -l + 248 = l. Suppose y = -y + l. Suppose 0 = 2*u, -a = a + 3*u - y. What is the units digit of a?
1
Suppose -242 = -5*b + 68. Suppose -3*g - 57 + 189 = 0. Let t = b - g. What is the units digit of t?
8
Let i be 48/15*100/(-8). Let h = 146 + -72. Let y = i + h. What is the tens digit of y?
3
Suppose 